greatest common factor of 64 and i?
8
Let n be 14/(-8) - 27/(-36). Let p be n + 4 + (1 - -6). What is the highest common divisor of 25 and p?
5
Suppose x - 3 = 11. What is the highest common divisor of x and 21?
7
Suppose -t = -4*w + 9, 4 = 4*w + t - 3. Let m = 35 - 17. What is the highest common factor of w and m?
2
Let p(u) = -5*u + 20. Let r be p(8). Let f(z) = z + 4. Let c be f(-5). Let j be c/3 + r/(-6). What is the greatest common factor of 3 and j?
3
Let n = 3 + 9. Suppose 184 + 38 = t. Suppose t = -5*m + 882. What is the highest common factor of n and m?
12
Let d be 7*(1 - (-4)/(-2)). Let i be (-194)/d - (-18)/63. Calculate the highest common divisor of 70 and i.
14
Suppose -5*b + 5 = -25. Let s be ((-8)/b)/(2/21). Let z = s - -27. Calculate the greatest common factor of z and 117.
13
Let t = 15 + 115. Calculate the greatest common divisor of t and 10.
10
Let q = -136 + 190. What is the highest common factor of q and 6?
6
Suppose -2*z = -7*z. Suppose z*b - 5*b = -1045. What is the highest common divisor of b and 19?
19
Let r(h) = 2 - h**3 + 2*h**2 + h**2 - 8*h + 8*h. Let l be r(3). Calculate the highest common factor of 10 and l.
2
Let d(b) = b + 1. Let c(k) = 3. Let n(p) = 4*c(p) - 12*d(p). Let f be n(-2). What is the greatest common factor of f and 12?
12
Let c = -5 + 3. Let w(m) = -m**3 + 2*m**2 + 3*m + 2. Let r be w(c). What is the greatest common divisor of 18 and r?
6
Let i = -53 + 93. Suppose 44 = 4*k - 20. Let h = i - k. Calculate the greatest common factor of 60 and h.
12
Let l be (1 - -1) + 25 - 0. What is the highest common factor of l and 243?
27
Let m(z) = z**2 - 4*z - 2. Let j be m(5). Suppose -j = s - 4. Suppose -2*c - 3*c = -3*a - 19, 4*a - 23 = -3*c. Calculate the greatest common factor of a and s.
1
Suppose -2*z - 32 = -6*z. Let r be (6/(-12))/((-2)/z). Suppose 0 = -0*d + r*d - 8. What is the highest common factor of 28 and d?
4
Suppose 2*a - 6 = 24. Let p = -82 - -172. Suppose 5*l = 5*x - 155, 5*x + 3*l - 57 = p. What is the highest common factor of x and a?
15
Let h = -170 - -310. What is the highest common factor of h and 28?
28
Let n be (-2)/(-8) + (-46)/(-8). What is the highest common factor of 6 and n?
6
Let a = 116 - 12. Suppose 3*j + 2*h + 3*h = 152, -4*h + a = 2*j. What is the greatest common divisor of j and 110?
22
Suppose -5*b + 131 = f, b - 47 = 7*f - 2*f. Calculate the greatest common factor of b and 189.
27
Suppose -4*u + r = -28, -u + 4*r = -4*u + 2. Let z = 12 - 3. What is the greatest common factor of z and u?
3
Let q(v) be the third derivative of -7*v**6/24 + v**5/30 + v**4/12 + v**3/6 - v**2. Let s be q(-1). Calculate the greatest common divisor of s and 4.
4
Let p = -39 - -74. Suppose 2*v - 56 = -2*v. Calculate the highest common divisor of p and v.
7
Suppose 0*v + 2*v = 4. Suppose -2*p + 5*w - 4 = 3*w, -10 = -p - 2*w. Suppose a - 4 = p*d, -3*a + 3*d + 1 = -2*a. What is the greatest common factor of v and a?
2
Let v be (-24)/(-12) - (-4 - 1). Let d be 7/(2*(-2)/(-12)). Calculate the greatest common factor of d and v.
7
Let i be (93/4)/((-33)/(-220)). Calculate the highest common divisor of 31 and i.
31
Let z = -41 + 56. Calculate the highest common divisor of 120 and z.
15
Let n be (1 + 0)*(-1 + -1). Let r = n - -12. Let q = 4 - 2. Calculate the highest common divisor of r and q.
2
Let y be (-3 - -2)*(-5 - -1). Suppose 7*t - 3*t - y = -2*w, -t - 5 = -w. Let l be (w + -3)*6*3. Calculate the highest common divisor of 9 and l.
9
Let m = 39 - 17. Let y(t) = 7*t - 4 + 5*t**2 - 6*t**2 + 0*t**2. Let r be y(6). What is the highest common factor of r and m?
2
Suppose 11*b = 16*b - 30. What is the highest common divisor of b and 2?
2
Let m(c) = 4*c**2 - c + 3. Let i be m(-5). Let y be 6/12*(-48)/1. Let f be ((-8)/16)/(1/y). Calculate the greatest common factor of f and i.
12
Let p = 400 + -158. Suppose -3*x = 4*d - 5*x - 98, x + 5 = 0. What is the greatest common factor of d and p?
22
Suppose 2*z = -4*t + 18, 2*z + z = 3*t - 9. Suppose -t*i + 300 = -2*i. Let p = -90 + i. Calculate the greatest common divisor of 24 and p.
12
Let v be 24/3 + 5 + 3. Suppose -880 = -4*d - d. Calculate the highest common divisor of v and d.
16
Suppose 2*n = 56 + 8. Let p be (-80)/n*(0 + -42). What is the highest common divisor of 21 and p?
21
Let k(d) = 6*d**2 - d - 6. Let j be k(-2). Calculate the highest common factor of 160 and j.
20
Suppose 3*j = 4*j - 11. Calculate the highest common divisor of j and 11.
11
Let q(f) = -f**2 + 7*f - 6. Let h be q(4). Let r(m) = -67*m - 1. Let a be r(-1). Calculate the greatest common factor of a and h.
6
Suppose v = 3*v. Let k(m) = -m**3 + m**2 + 55. Let j be k(v). Calculate the greatest common divisor of 22 and j.
11
Let q = 25 - 21. Let n(b) = b**3 - 9*b**2 - 8*b - 4. Let v be n(10). Calculate the greatest common factor of v and q.
4
Suppose t - 6 = -2*f, 3*f + 0*t = t + 9. What is the highest common divisor of f and 6?
3
Let s = -6 - -18. Suppose 6*i - 2*i = 96. Calculate the highest common factor of s and i.
12
Let m = -9 - -11. Suppose 3*c - 23 = -5*o, -3*c = -3 - 0. Suppose m*s - 32 = -o. Calculate the highest common factor of 7 and s.
7
Let b be 14/(-1) - (-12 - -10). Let m be (2 - -5) + b/4. Calculate the highest common divisor of 10 and m.
2
Let g be 203/3 - 2/3. Let d = 139 - g. What is the highest common factor of d and 9?
9
Let q(t) = 6*t**2 + 2. Let g be q(3). What is the highest common factor of g and 140?
28
Let m = 96 + -52. Calculate the highest common divisor of 66 and m.
22
Let y be (-2)/4*(-7 - 53). What is the greatest common divisor of y and 20?
10
Let d be 26/(-2 + 18/8). Calculate the highest common factor of 26 and d.
26
Let x(h) = 274*h - 10. Let w be x(1). Calculate the greatest common divisor of 24 and w.
24
Let l = -13 + 47. Calculate the greatest common divisor of l and 85.
17
Let z(w) = -w + 24. Let k be z(22). What is the greatest common factor of k and 10?
2
Let f = 43 + -25. Let c = -33 + 13. Let h = -18 - c. Calculate the greatest common factor of f and h.
2
Suppose 0 = 7*g - 4*g - 57. Let w = -8 + g. What is the highest common factor of w and 88?
11
Suppose 4*t = -5*c + 25 + 5, -4*t = 2*c - 24. Calculate the greatest common divisor of 25 and t.
5
Let s be 16928/24 - 2/(-3). Suppose 4*f - n + 46 = s, 2*f - 330 = 3*n. What is the highest common divisor of f and 33?
33
Suppose -3*r - 36 = -5*p - 0*r, 2*r = 6. Calculate the highest common factor of 3 and p.
3
Let w(t) = -3*t**3 - t**2 - 5*t + 2. Let v be w(-4). What is the greatest common divisor of 22 and v?
22
Let v(l) = l**2 - 4*l - 1. Let s = 22 + -16. Let f be v(s). Calculate the greatest common factor of 77 and f.
11
Let n = 20 + -4. Let v(s) = s**2 - 15*s. Let p be v(n). Suppose -2*d = 2*d - 192. Calculate the greatest common factor of d and p.
16
Suppose -4*n - 8 = 0, 2*n - 40 = -3*k + 4*n. Let a be ((-12)/10)/(k/(-40)). Let t be (-3)/(-12) - (-83)/a. Calculate the greatest common divisor of 3 and t.
3
Let m = -7 - 0. Let n(o) = -o**3 - 6*o**2 + 5*o + 4. Let u be n(m). What is the greatest common divisor of u and 6?
6
Let h be (-2492)/(-14) + 1 + 1. What is the highest common divisor of 18 and h?
18
Suppose 0*i + 2*i - 10 = 0. Let w be 3 + (-3 - -1) + i. Calculate the greatest common divisor of 30 and w.
6
Suppose -3*u + 4*u - 3*n + 2 = 0, 5*u = -5*n + 50. Suppose -59 = -3*j + u. Let x be 4/j + (-720)/(-33). What is the highest common divisor of x and 55?
11
Suppose -7*r + 74 = -80. Calculate the highest common factor of 22 and r.
22
Let r(a) be the third derivative of a**5/30 - a**4/6 + a**3/3 + 4*a**2. Let h be r(2). What is the greatest common factor of h and 18?
2
Suppose -2 = -4*q + 2*g, -3*q = -7*g + 3*g + 6. Calculate the greatest common factor of 2 and q.
2
Suppose -g + 6*g - 2*p - 458 = 0, -2*g + 172 = 2*p. What is the greatest common factor of g and 60?
30
Let k(h) = 48*h - 27. Let y be k(4). What is the highest common divisor of y and 110?
55
Suppose -4 = -4*y + 4. Suppose -10 = -g - g, -3*k + 250 = y*g. What is the greatest common divisor of k and 10?
10
Suppose 0 = d + 3*d + 3*t - 91, -5*t = -25. Let b = d + -5. Calculate the highest common divisor of b and 7.
7
Let v be (-5)/((3 + -2)*-1). Calculate the greatest common factor of v and 55.
5
Let k = -2 + 147. What is the highest comm